{"id":50,"date":"2026-01-14T00:21:23","date_gmt":"2026-01-14T00:21:23","guid":{"rendered":"https:\/\/becapital.mx\/?page_id=50"},"modified":"2026-01-14T00:29:00","modified_gmt":"2026-01-14T00:29:00","slug":"nosotros","status":"publish","type":"page","link":"https:\/\/becapital.mx\/index.php\/nosotros\/","title":{"rendered":""},"content":{"rendered":"\n<div class=\"wp-block-group alignfull is-style-section-5 has-global-padding is-layout-constrained wp-block-group-is-layout-constrained is-style-section-5--1\" style=\"margin-top:0;margin-bottom:0;padding-top:var(--wp--preset--spacing--50);padding-bottom:var(--wp--preset--spacing--50)\">\n<div class=\"wp-block-columns alignwide is-layout-flex wp-container-core-columns-is-layout-7ee84d44 wp-block-columns-is-layout-flex\">\n<div class=\"wp-block-column is-vertically-aligned-center is-layout-flow wp-block-column-is-layout-flow\" style=\"flex-basis:50%\">\n<h2 class=\"wp-block-heading\">\n\t\t\t\tSobre el evento\t\t\t<\/h2>\n\n\n\n<p class=\"has-medium-font-size\">Celebrado durante un fin de semana, el evento se estructura en torno a una serie de exposiciones, talleres y mesas redondas. Las exposiciones muestran una cuidada selecci\u00f3n de fotograf\u00edas que narran historias apasionantes de diversos rincones del planeta, cada imagen est\u00e1 acompa\u00f1ada de narraciones detalladas que proporcionan un contexto y una visi\u00f3n m\u00e1s profunda de la importancia hist\u00f3rica de las escenas representadas. Estas fotograf\u00edas proceden de los archivos de fot\u00f3grafos de renombre, as\u00ed como de talentos emergentes, lo que garantiza una mezcla de perspectivas cl\u00e1sicas y contempor\u00e1neas.<\/p>\n<\/div>\n\n\n\n<div class=\"wp-block-column is-vertically-aligned-center is-layout-flow wp-block-column-is-layout-flow\" style=\"flex-basis:50%\">\n<figure class=\"wp-block-image size-full\"><img decoding=\"async\" src=\"https:\/\/becapital.mx\/wp-content\/themes\/twentytwentyfive\/assets\/images\/ruins-image.webp\" alt=\"Cliff Palace, Colorado\" style=\"aspect-ratio:1;object-fit:cover\"\/><\/figure>\n<\/div>\n<\/div>\n<\/div>\n","protected":false},"excerpt":{"rendered":"<p>Sobre el evento Celebrado durante un fin de semana, el evento se estructura en torno a una serie de exposiciones, talleres y mesas redondas. Las exposiciones muestran una cuidada selecci\u00f3n de fotograf\u00edas que narran historias apasionantes de diversos rincones del planeta, cada imagen est\u00e1 acompa\u00f1ada de narraciones detalladas que proporcionan un contexto y una visi\u00f3n [&hellip;]<\/p>\n","protected":false},"author":1,"featured_media":0,"parent":0,"menu_order":0,"comment_status":"closed","ping_status":"closed","template":"","meta":{"footnotes":""},"class_list":["post-50","page","type-page","status-publish","hentry"],"_links":{"self":[{"href":"https:\/\/becapital.mx\/index.php\/wp-json\/wp\/v2\/pages\/50","targetHints":{"allow":["GET"]}}],"collection":[{"href":"https:\/\/becapital.mx\/index.php\/wp-json\/wp\/v2\/pages"}],"about":[{"href":"https:\/\/becapital.mx\/index.php\/wp-json\/wp\/v2\/types\/page"}],"author":[{"embeddable":true,"href":"https:\/\/becapital.mx\/index.php\/wp-json\/wp\/v2\/users\/1"}],"replies":[{"embeddable":true,"href":"https:\/\/becapital.mx\/index.php\/wp-json\/wp\/v2\/comments?post=50"}],"version-history":[{"count":4,"href":"https:\/\/becapital.mx\/index.php\/wp-json\/wp\/v2\/pages\/50\/revisions"}],"predecessor-version":[{"id":66,"href":"https:\/\/becapital.mx\/index.php\/wp-json\/wp\/v2\/pages\/50\/revisions\/66"}],"wp:attachment":[{"href":"https:\/\/becapital.mx\/index.php\/wp-json\/wp\/v2\/media?parent=50"}],"curies":[{"name":"wp","href":"https:\/\/api.w.org\/{rel}","templated":true}]}}